6.
2, 3, 29, 41, 107
List the prime factors of 3255414.
2, 3, 263, 2063
List the prime factors of 12463785.
3, 5, 173, 1601
List the prime factors of 1141923.
3, 380641
What are the prime factors of 15541478?
2, 31, 439, 571
What are the prime factors of 1714915?
5, 29, 11827
What are the prime factors of 8491?
7, 1213
List the prime factors of 171833.
23, 31, 241
List the prime factors of 402294.
2, 3, 67049
What are the prime factors of 144326?
2, 7, 13, 61
What are the prime factors of 356826?
2, 3, 59471
List the prime factors of 403658.
2, 201829
List the prime factors of 11227758.
2, 3, 1871293
List the prime factors of 1415063.
13, 17, 19, 337
List the prime factors of 4069721.
4069721
What are the prime factors of 89520?
2, 3, 5, 373
What are the prime factors of 7326858?
2, 3, 7, 11, 15859
List the prime factors of 76956.
2, 3, 11, 53
What are the prime factors of 1302666?
2, 3, 217111
List the prime factors of 60019.
47, 1277
List the prime factors of 647252.
2, 103, 1571
What are the prime factors of 583175?
5, 23327
List the prime factors of 373449.
3, 281, 443
List the prime factors of 53384.
2, 6673
List the prime factors of 211086.
2, 3, 1303
List the prime factors of 2144000.
2, 5, 67
What are the prime factors of 394256?
2, 41, 601
List the prime factors of 17634334.
2, 2251, 3917
List the prime factors of 711032.
2, 7, 12697
List the prime factors of 90989.
90989
What are the prime factors of 49089?
3, 16363
List the prime factors of 240921.
3, 8923
What are the prime factors of 1524156?
2, 3, 157, 809
What are the prime factors of 19120881?
3, 13, 307, 1597
List the prime factors of 74300.
2, 5, 743
What are the prime factors of 381247?
461, 827
List the prime factors of 1187448.
2, 3, 49477
What are the prime factors of 202353?
3, 37, 1823
What are the prime factors of 42097?
11, 43, 89
List the prime factors of 2160881.
2160881
List the prime factors of 10737848.
2, 11, 122021
What are the prime factors of 5782964?
2, 11, 131431
What are the prime factors of 11107924?
2, 2776981
List the prime factors of 28116991.
7, 4016713
What are the prime factors of 544856?
2, 13, 31
What are the prime factors of 7122?
2, 3, 1187
What are the prime factors of 814876?
2, 137, 1487
What are the prime factors of 6347098?
2, 97, 32717
List the prime factors of 430269.
3, 7, 2927
What are the prime factors of 830277?
3, 7, 23, 191
What are the prime factors of 700590?
2, 3, 5, 11, 193
List the prime factors of 1887310.
2, 5, 79, 2389
List the prime factors of 1520034.
2, 3, 37, 41, 167
List the prime factors of 33469480.
2, 5, 11, 29, 43, 61
What are the prime factors of 2669785?
5, 19, 157, 179
List the prime factors of 3843485.
5, 337, 2281
What are the prime factors of 4211192?
2, 37, 41, 347
List the prime factors of 12003709.
29, 83, 4987
What are the prime factors of 334114?
2, 11, 15187
What are the prime factors of 5179476?
2, 3, 19, 22717
What are the prime factors of 29952627?
3, 9984209
List the prime factors of 79079.
7, 11, 13, 79
What are the prime factors of 2350466?
2, 43, 151, 181
List the prime factors of 164269.
7, 31, 757
What are the prime factors of 49464?
2, 3, 229
List the prime factors of 341386.
2, 131, 1303
What are the prime factors of 2548152?
2, 3, 47, 251
What are the prime factors of 16207690?
2, 5, 1620769
What are the prime factors of 225588?
2, 3, 11, 1709
List the prime factors of 1955525.
5, 11, 13, 547
What are the prime factors of 18005222?
2, 2099, 4289
What are the prime factors of 287537?
287537
List the prime factors of 1347653.
73, 18461
List the prime factors of 4767309.
3, 19, 9293
What are the prime factors of 428854?
2, 31, 6917
List the prime factors of 252521.
373, 677
List the prime factors of 1565100.
2, 3, 5, 37, 47
List the prime factors of 248807.
13, 19139
List the prime factors of 6338587.
43, 147409
List the prime factors of 426663.
3, 47407
List the prime factors of 13906690.
2, 5, 7, 101, 281
What are the prime factors of 19114241?
41, 466201
List the prime factors of 5679023.
7, 811289
What are the prime factors of 11451115?
5, 13, 17, 43, 241
List the prime factors of 456480.
2, 3, 5, 317
List the prime factors of 1048617.
3, 37, 47, 67
What are the prime factors of 3269377?
3269377
List the prime factors of 274121.
274121
List the prime factors of 11159814.
2, 3, 31, 59999
What are the prime factors of 3809891?
3809891
List the prime factors of 797689.
797689
What are the prime factors of 66808?
2, 7, 1193
What are the prime factors of 1518283?
13, 116791
What are the prime factors of 948241?
7, 135463
List the prime factors of 389511.
3, 113, 383
What are the prime factors of 31082?
2, 15541
List the prime factors of 50430.
2, 3, 5, 41
What are the prime factors of 3847305?
3, 5, 7, 11, 3331
List the prime factors of 1140692.
2, 7, 40739
List the prime factors of 909328.
2, 7, 23, 353
What are the prime factors of 658737?
3, 53, 1381
List the prime factors of 18765922.
2, 7, 53, 3613
List the prime factors of 55106.
2, 59, 467
What are the prime factors of 556884?
2, 3, 31, 499
List the prime factors of 175467.
3, 23, 2543
List the prime factors of 29330276.
2, 7332569
What are the prime factors of 4312119?
3, 7, 205339
What are the prime factors of 548826?
2, 3, 23, 41, 97
What are the prime factors of 340168?
2, 101, 421
List the prime factors of 1035763.
1035763
List the prime factors of 1847886.
2, 3, 131, 2351
What are the prime factors of 53740?
2, 5, 2687
List the prime factors of 75881.
13, 449
List the prime factors of 218902.
2, 109451
List the prime factors of 12901235.
5, 59, 101, 433
What are the prime factors of 47778?
2, 3, 7963
List the prime factors of 7864902.
2, 3, 179, 2441
List the prime factors of 424966.
2, 17, 29, 431
List the prime factors of 11508139.
883, 13033
List the prime factors of 1208940.
2, 3, 5, 20149
What are the prime factors of 3203430?
2, 3, 5, 106781
List the prime factors of 2448030.
2, 3, 5, 13, 6277
List the prime factors of 2734674.
2, 3, 263, 1733
What are the prime factors of 3020134?
2, 13, 116159
List the prime factors of 1802723.
13, 10667
What are the prime factors of 3531888?
2, 3, 24527
List the prime factors of 612182.
2, 306091
What are the prime factors of 1255660?
2, 5, 7, 8969
List the prime factors of 7895640.
2, 3, 5, 19, 3463
List the prime factors of 308198.
2, 11, 14009
List the prime factors of 227717.
7, 32531
What are the prime factors of 41894046?
2, 3, 41, 56767
List the prime factors of 11465168.
2, 11, 13, 5011
What are the prime factors of 1838405?
5, 47, 7823
What are the prime factors of 267848?
2, 7, 4783
What are the prime factors of 7921?
89
List the prime factors of 56355.
3, 5, 13, 17
What are the prime factors of 23872794?
2, 3, 11, 17, 21277
List the prime factors of 1614394.
2, 807197
What are the prime factors of 24402541?
47, 167, 3109
What are the prime factors of 1439567?
191, 7537
List the prime factors of 1069972.
2, 267493
What are the prime factors of 289183?
71, 4073
What are the prime factors of 2351498?
2, 37, 43, 739
What are the prime factors of 461523?
3, 153841
List the prime factors of 654148.
2, 11, 14867
List the prime factors of 2122648.
2, 11, 24121
What are the prime factors of 1180040?
2, 5, 29501
What are the prime factors of 417907?
7, 227, 263
What are the prime factors of 786948?
2, 3, 65579
What are the prime factors of 237182?
2, 11, 10781
List the prime factors of 435294.
2, 3, 2687
What are the prime factors of 85378?
2, 42689
List the prime factors of 4053645.
3, 5, 10009
What are the prime factors of 7255692?
2, 3, 201547
What are the prime factors of 122824?
2, 13, 1181
List the prime factors of 1727026.
2, 7, 281, 439
What are the prime factors of 1710571?
269, 6359
List the prime factors of 1015807.
13, 78139
What are the prime factors of 9034695?
3, 5, 200771
What are the prime factors of 968341?
11, 47, 1873
List the prime factors of 3729000.
2, 3, 5, 11, 113
List the prime factors of 8519595.
3, 5, 7, 41, 1979
What are the prime factors of 74608?
2, 4663
What are the prime factors of 409168?
2, 107, 239
List the prime factors of 1595879.
79, 20201
List the prime factors of 2956629.
3, 13, 47, 1613
What are the prime factors of 370524?
2, 3, 7, 11, 401
Lis